{"id":2038,"date":"2012-05-22T21:20:56","date_gmt":"2012-05-22T20:20:56","guid":{"rendered":"http:\/\/engelgibtesueberall.de\/blog\/?page_id=2038"},"modified":"2025-03-01T20:15:54","modified_gmt":"2025-03-01T19:15:54","slug":"markt-der-kulturen-3","status":"publish","type":"page","link":"https:\/\/engelgibtesueberall.de\/blog\/markt-der-kulturen-3\/","title":{"rendered":"Markt der Kulturen"},"content":{"rendered":"<p>&nbsp;<\/p>\n<p>Die Mitgliedersammlung der Deutschen Lions fand\u00a0 vom 17. bis 19. Mai in Duisburg statt. Ein riesiger logistischer Aufwand, denn ca. 1000 Lions und Leos wurden aus ganz Deutschland erwartet.<\/p>\n<p>Ein Schwerpunktthema dieser Veranstaltung war &#8222;Integration&#8220;.<\/p>\n<p>Dieses wurde ganz hervorragend mit einem &#8222;Markt der Kulturen&#8220; geplant und umgesetzt. 30 kleinere Zelte und ein Hauptzelt boten den Ausstellern aus aller Herren L\u00e4nder die M\u00f6glichkeit, sich dort in unterschiedlichster Weise zu pr\u00e4sentieren.<\/p>\n<p>Eine weitere Integration fand bei den Besuchern statt. Lions, Leos,\u00a0 Duisburger B\u00fcrger mit und ohne Migrationshintergrund sowie Besucher aus nah und fern feierten dieses Happening bei tollem Wetter.<\/p>\n<p>Kurz vor der Durchf\u00fchrung dieser Veranstaltung hatten wir uns dazu entschlossen, ebenfalls ein Zelt anzumieten, um f\u00fcr unsere Hilfsorganisation dort selbst gebackenen Kuchen und Kaffee zu verkaufen.<\/p>\n<p>Die nachfolgenden Bilder k\u00f6nnen nur ansatzweise diese tolle Stimmung widerspiegeln:<\/p>\n<div id='gallery-1' class='gallery galleryid-2038 gallery-columns-2 gallery-size-thumbnail'><figure class='gallery-item'>\n\t\t\t<div class='gallery-icon landscape'>\n\t\t\t\t<a href='https:\/\/engelgibtesueberall.de\/wp-content\/uploads\/2012\/05\/MDV2012-Markt-der-Kulturen1.jpg'><img decoding=\"async\" width=\"138\" height=\"104\" src=\"https:\/\/engelgibtesueberall.de\/wp-content\/uploads\/2012\/05\/MDV2012-Markt-der-Kulturen1-138x104.jpg\" class=\"attachment-thumbnail size-thumbnail\" alt=\"\" srcset=\"https:\/\/engelgibtesueberall.de\/wp-content\/uploads\/2012\/05\/MDV2012-Markt-der-Kulturen1-138x104.jpg 138w, https:\/\/engelgibtesueberall.de\/wp-content\/uploads\/2012\/05\/MDV2012-Markt-der-Kulturen1-320x240.jpg 320w, https:\/\/engelgibtesueberall.de\/wp-content\/uploads\/2012\/05\/MDV2012-Markt-der-Kulturen1.jpg 640w\" sizes=\"(max-width: 138px) 100vw, 138px\" \/><\/a>\n\t\t\t<\/div><\/figure><figure class='gallery-item'>\n\t\t\t<div class='gallery-icon landscape'>\n\t\t\t\t<a href='https:\/\/engelgibtesueberall.de\/wp-content\/uploads\/2012\/05\/MDV2012-am-Abend1.jpg'><img decoding=\"async\" width=\"138\" height=\"104\" src=\"https:\/\/engelgibtesueberall.de\/wp-content\/uploads\/2012\/05\/MDV2012-am-Abend1-138x104.jpg\" class=\"attachment-thumbnail size-thumbnail\" alt=\"\" srcset=\"https:\/\/engelgibtesueberall.de\/wp-content\/uploads\/2012\/05\/MDV2012-am-Abend1-138x104.jpg 138w, https:\/\/engelgibtesueberall.de\/wp-content\/uploads\/2012\/05\/MDV2012-am-Abend1-320x240.jpg 320w, https:\/\/engelgibtesueberall.de\/wp-content\/uploads\/2012\/05\/MDV2012-am-Abend1.jpg 640w\" sizes=\"(max-width: 138px) 100vw, 138px\" \/><\/a>\n\t\t\t<\/div><\/figure><figure class='gallery-item'>\n\t\t\t<div class='gallery-icon landscape'>\n\t\t\t\t<a href='https:\/\/engelgibtesueberall.de\/wp-content\/uploads\/2012\/05\/Engel-im-Kuchenzelt1.jpg'><img decoding=\"async\" width=\"138\" height=\"104\" src=\"https:\/\/engelgibtesueberall.de\/wp-content\/uploads\/2012\/05\/Engel-im-Kuchenzelt1-138x104.jpg\" class=\"attachment-thumbnail size-thumbnail\" alt=\"\" srcset=\"https:\/\/engelgibtesueberall.de\/wp-content\/uploads\/2012\/05\/Engel-im-Kuchenzelt1-138x104.jpg 138w, https:\/\/engelgibtesueberall.de\/wp-content\/uploads\/2012\/05\/Engel-im-Kuchenzelt1-320x240.jpg 320w, https:\/\/engelgibtesueberall.de\/wp-content\/uploads\/2012\/05\/Engel-im-Kuchenzelt1.jpg 640w\" sizes=\"(max-width: 138px) 100vw, 138px\" \/><\/a>\n\t\t\t<\/div><\/figure><figure class='gallery-item'>\n\t\t\t<div class='gallery-icon landscape'>\n\t\t\t\t<a href='https:\/\/engelgibtesueberall.de\/wp-content\/uploads\/2012\/05\/Besucher-auf-dem-Markt-der-Kulturen-Duisburg1.jpg'><img loading=\"lazy\" decoding=\"async\" width=\"138\" height=\"104\" src=\"https:\/\/engelgibtesueberall.de\/wp-content\/uploads\/2012\/05\/Besucher-auf-dem-Markt-der-Kulturen-Duisburg1-138x104.jpg\" class=\"attachment-thumbnail size-thumbnail\" alt=\"\" srcset=\"https:\/\/engelgibtesueberall.de\/wp-content\/uploads\/2012\/05\/Besucher-auf-dem-Markt-der-Kulturen-Duisburg1-138x104.jpg 138w, https:\/\/engelgibtesueberall.de\/wp-content\/uploads\/2012\/05\/Besucher-auf-dem-Markt-der-Kulturen-Duisburg1-320x240.jpg 320w, https:\/\/engelgibtesueberall.de\/wp-content\/uploads\/2012\/05\/Besucher-auf-dem-Markt-der-Kulturen-Duisburg1.jpg 640w\" sizes=\"(max-width: 138px) 100vw, 138px\" \/><\/a>\n\t\t\t<\/div><\/figure><figure class='gallery-item'>\n\t\t\t<div class='gallery-icon landscape'>\n\t\t\t\t<a href='https:\/\/engelgibtesueberall.de\/wp-content\/uploads\/2012\/05\/Abend-auf-dem-Markt-der-Kulturen1.jpg'><img loading=\"lazy\" decoding=\"async\" width=\"138\" height=\"104\" src=\"https:\/\/engelgibtesueberall.de\/wp-content\/uploads\/2012\/05\/Abend-auf-dem-Markt-der-Kulturen1-138x104.jpg\" class=\"attachment-thumbnail size-thumbnail\" alt=\"\" srcset=\"https:\/\/engelgibtesueberall.de\/wp-content\/uploads\/2012\/05\/Abend-auf-dem-Markt-der-Kulturen1-138x104.jpg 138w, https:\/\/engelgibtesueberall.de\/wp-content\/uploads\/2012\/05\/Abend-auf-dem-Markt-der-Kulturen1-320x240.jpg 320w, https:\/\/engelgibtesueberall.de\/wp-content\/uploads\/2012\/05\/Abend-auf-dem-Markt-der-Kulturen1.jpg 640w\" sizes=\"(max-width: 138px) 100vw, 138px\" \/><\/a>\n\t\t\t<\/div><\/figure><figure class='gallery-item'>\n\t\t\t<div class='gallery-icon landscape'>\n\t\t\t\t<a href='https:\/\/engelgibtesueberall.de\/wp-content\/uploads\/2012\/05\/Verkauf-von-Kuchen1.jpg'><img loading=\"lazy\" decoding=\"async\" width=\"138\" height=\"104\" src=\"https:\/\/engelgibtesueberall.de\/wp-content\/uploads\/2012\/05\/Verkauf-von-Kuchen1-138x104.jpg\" class=\"attachment-thumbnail size-thumbnail\" alt=\"\" srcset=\"https:\/\/engelgibtesueberall.de\/wp-content\/uploads\/2012\/05\/Verkauf-von-Kuchen1-138x104.jpg 138w, https:\/\/engelgibtesueberall.de\/wp-content\/uploads\/2012\/05\/Verkauf-von-Kuchen1-320x240.jpg 320w, https:\/\/engelgibtesueberall.de\/wp-content\/uploads\/2012\/05\/Verkauf-von-Kuchen1.jpg 640w\" sizes=\"(max-width: 138px) 100vw, 138px\" \/><\/a>\n\t\t\t<\/div><\/figure>\n\t\t<\/div>\n\n<p>&nbsp;<\/p>\n<p>&nbsp;<\/p>\n<p>&nbsp;<\/p>\n<p style=\"text-align: center;\"><a href=\"http:\/\/engelgibtesueberall.de\/blog\/veranstaltungen-in-2012\/\">zur\u00fcck<\/a><\/p>\n","protected":false},"excerpt":{"rendered":"<p>&nbsp; Die Mitgliedersammlung der Deutschen Lions fand\u00a0 vom 17. bis 19. Mai in Duisburg statt. Ein riesiger logistischer Aufwand, denn ca. 1000 Lions und Leos wurden aus ganz Deutschland erwartet. Ein Schwerpunktthema dieser Veranstaltung war &#8222;Integration&#8220;. Dieses wurde ganz hervorragend mit einem &#8222;Markt der Kulturen&#8220; geplant und umgesetzt. 30 kleinere Zelte und ein Hauptzelt boten [&hellip;]<\/p>\n","protected":false},"author":6,"featured_media":0,"parent":0,"menu_order":0,"comment_status":"closed","ping_status":"closed","template":"","meta":{"_exactmetrics_skip_tracking":false,"_exactmetrics_sitenote_active":false,"_exactmetrics_sitenote_note":"","_exactmetrics_sitenote_category":0,"footnotes":""},"class_list":["post-2038","page","type-page","status-publish","hentry"],"_links":{"self":[{"href":"https:\/\/engelgibtesueberall.de\/blog\/wp-json\/wp\/v2\/pages\/2038","targetHints":{"allow":["GET"]}}],"collection":[{"href":"https:\/\/engelgibtesueberall.de\/blog\/wp-json\/wp\/v2\/pages"}],"about":[{"href":"https:\/\/engelgibtesueberall.de\/blog\/wp-json\/wp\/v2\/types\/page"}],"author":[{"embeddable":true,"href":"https:\/\/engelgibtesueberall.de\/blog\/wp-json\/wp\/v2\/users\/6"}],"replies":[{"embeddable":true,"href":"https:\/\/engelgibtesueberall.de\/blog\/wp-json\/wp\/v2\/comments?post=2038"}],"version-history":[{"count":27,"href":"https:\/\/engelgibtesueberall.de\/blog\/wp-json\/wp\/v2\/pages\/2038\/revisions"}],"predecessor-version":[{"id":28884,"href":"https:\/\/engelgibtesueberall.de\/blog\/wp-json\/wp\/v2\/pages\/2038\/revisions\/28884"}],"wp:attachment":[{"href":"https:\/\/engelgibtesueberall.de\/blog\/wp-json\/wp\/v2\/media?parent=2038"}],"curies":[{"name":"wp","href":"https:\/\/api.w.org\/{rel}","templated":true}]}}