{"id":28553,"date":"2025-02-09T19:08:28","date_gmt":"2025-02-09T18:08:28","guid":{"rendered":"https:\/\/engelgibtesueberall.de\/blog\/?page_id=28553"},"modified":"2025-03-07T15:27:04","modified_gmt":"2025-03-07T14:27:04","slug":"senioren-und-seniorinnen","status":"publish","type":"page","link":"https:\/\/engelgibtesueberall.de\/blog\/senioren-und-seniorinnen\/","title":{"rendered":"Senioren und Seniorinnen"},"content":{"rendered":"\t\t<div data-elementor-type=\"wp-page\" data-elementor-id=\"28553\" class=\"elementor elementor-28553\" data-elementor-post-type=\"page\">\n\t\t\t\t<div class=\"elementor-element elementor-element-590e6f4 e-flex e-con-boxed e-con e-parent\" data-id=\"590e6f4\" data-element_type=\"container\">\n\t\t\t\t\t<div class=\"e-con-inner\">\n\t\t<div class=\"elementor-element elementor-element-38bae5b e-con-full e-flex e-con e-child\" data-id=\"38bae5b\" data-element_type=\"container\">\n\t\t\t\t<div class=\"elementor-element elementor-element-5dd1cc2 elementor-widget elementor-widget-image\" data-id=\"5dd1cc2\" data-element_type=\"widget\" data-widget_type=\"image.default\">\n\t\t\t\t<div class=\"elementor-widget-container\">\n\t\t\t\t\t\t\t\t\t\t\t\t\t\t\t<img fetchpriority=\"high\" decoding=\"async\" width=\"412\" height=\"480\" src=\"https:\/\/engelgibtesueberall.de\/wp-content\/uploads\/2024\/02\/FB_IMG_1706976516277-412x480.jpg\" class=\"attachment-large size-large wp-image-28262\" alt=\"\" srcset=\"https:\/\/engelgibtesueberall.de\/wp-content\/uploads\/2024\/02\/FB_IMG_1706976516277-412x480.jpg 412w, https:\/\/engelgibtesueberall.de\/wp-content\/uploads\/2024\/02\/FB_IMG_1706976516277-206x240.jpg 206w, https:\/\/engelgibtesueberall.de\/wp-content\/uploads\/2024\/02\/FB_IMG_1706976516277-768x895.jpg 768w, https:\/\/engelgibtesueberall.de\/wp-content\/uploads\/2024\/02\/FB_IMG_1706976516277.jpg 1080w\" sizes=\"(max-width: 412px) 100vw, 412px\" \/>\t\t\t\t\t\t\t\t\t\t\t\t\t\t\t<\/div>\n\t\t\t\t<\/div>\n\t\t\t\t<\/div>\n\t\t<div class=\"elementor-element elementor-element-7798b42 e-con-full e-flex e-con e-child\" data-id=\"7798b42\" data-element_type=\"container\">\n\t\t\t\t<div class=\"elementor-element elementor-element-8674985 elementor-widget elementor-widget-text-editor\" data-id=\"8674985\" data-element_type=\"widget\" data-widget_type=\"text-editor.default\">\n\t\t\t\t<div class=\"elementor-widget-container\">\n\t\t\t\t\t\t\t\t\tSeit 2023 haben wir den Fokus auf Senioren und Seniorinnen gelegt, die in Alten-und Pflegeheimen leben. Speziell sprechen wir hier Personen an, die keinen Kontakt au\u00dferhalb der Einrichtung haben.\r\n\r\nDiskretion und Seriosit\u00e4t sind hierbei f\u00fcr uns das oberste Gebot.\r\n\r\nEines unserer Projekte f\u00fcr die Senioren und Seniorinnen sind die &#8222;Kuschelb\u00e4ren&#8220;, welche wir als treue Begleiter gegen Einsamkeit an alleinstehende Menschen in Alters- und Seniorenheimen verteilen.\r\n\r\n&nbsp;\t\t\t\t\t\t\t\t<\/div>\n\t\t\t\t<\/div>\n\t\t\t\t<\/div>\n\t\t\t\t\t<\/div>\n\t\t\t\t<\/div>\n\t\t<div class=\"elementor-element elementor-element-960cda7 e-flex e-con-boxed e-con e-parent\" data-id=\"960cda7\" data-element_type=\"container\">\n\t\t\t\t\t<div class=\"e-con-inner\">\n\t\t\t\t<div class=\"elementor-element elementor-element-c644ad0 elementor-widget-divider--view-line elementor-widget elementor-widget-divider\" data-id=\"c644ad0\" data-element_type=\"widget\" data-widget_type=\"divider.default\">\n\t\t\t\t<div class=\"elementor-widget-container\">\n\t\t\t\t\t\t\t<div class=\"elementor-divider\">\n\t\t\t<span class=\"elementor-divider-separator\">\n\t\t\t\t\t\t<\/span>\n\t\t<\/div>\n\t\t\t\t\t\t<\/div>\n\t\t\t\t<\/div>\n\t\t\t\t\t<\/div>\n\t\t\t\t<\/div>\n\t\t<div class=\"elementor-element elementor-element-18e51d4 e-flex e-con-boxed e-con e-parent\" data-id=\"18e51d4\" data-element_type=\"container\">\n\t\t\t\t\t<div class=\"e-con-inner\">\n\t\t\t\t<div class=\"elementor-element elementor-element-79d9fee elementor-widget elementor-widget-heading\" data-id=\"79d9fee\" data-element_type=\"widget\" data-widget_type=\"heading.default\">\n\t\t\t\t<div class=\"elementor-widget-container\">\n\t\t\t\t\t<h2 class=\"elementor-heading-title elementor-size-default\">Hier finden Sie alle Informationen zu unserer Kuschelb\u00e4ren-Aktion:<\/h2>\t\t\t\t<\/div>\n\t\t\t\t<\/div>\n\t\t\t\t\t<\/div>\n\t\t\t\t<\/div>\n\t\t<div class=\"elementor-element elementor-element-4b8ca13 e-flex e-con-boxed e-con e-parent\" data-id=\"4b8ca13\" data-element_type=\"container\">\n\t\t\t\t\t<div class=\"e-con-inner\">\n\t\t\t\t<div class=\"elementor-element elementor-element-5657136 elementor-widget elementor-widget-text-editor\" data-id=\"5657136\" data-element_type=\"widget\" data-widget_type=\"text-editor.default\">\n\t\t\t\t<div class=\"elementor-widget-container\">\n\t\t\t\t\t\t\t\t\t<p><a href=\"https:\/\/engelgibtesueberall.de\/blog\/kuschelbaeren-2023\/\">2023<\/a><\/p><p><a href=\"https:\/\/engelgibtesueberall.de\/blog\/kuschelbaeren-2024\/\">2024<\/a><\/p><p><a href=\"https:\/\/engelgibtesueberall.de\/blog\/kuschelbaeren-2025\/\">2025<\/a><\/p>\t\t\t\t\t\t\t\t<\/div>\n\t\t\t\t<\/div>\n\t\t\t\t\t<\/div>\n\t\t\t\t<\/div>\n\t\t\t\t<\/div>\n\t\t","protected":false},"excerpt":{"rendered":"<p>Seit 2023 haben wir den Fokus auf Senioren und Seniorinnen gelegt, die in Alten-und Pflegeheimen leben. Speziell sprechen wir hier Personen an, die keinen Kontakt au\u00dferhalb der Einrichtung haben. Diskretion und Seriosit\u00e4t sind hierbei f\u00fcr uns das oberste Gebot. Eines unserer Projekte f\u00fcr die Senioren und Seniorinnen sind die &#8222;Kuschelb\u00e4ren&#8220;, welche wir als treue Begleiter [&hellip;]<\/p>\n","protected":false},"author":6,"featured_media":0,"parent":0,"menu_order":0,"comment_status":"closed","ping_status":"closed","template":"","meta":{"_exactmetrics_skip_tracking":false,"_exactmetrics_sitenote_active":false,"_exactmetrics_sitenote_note":"","_exactmetrics_sitenote_category":0,"footnotes":""},"class_list":["post-28553","page","type-page","status-publish","hentry"],"_links":{"self":[{"href":"https:\/\/engelgibtesueberall.de\/blog\/wp-json\/wp\/v2\/pages\/28553","targetHints":{"allow":["GET"]}}],"collection":[{"href":"https:\/\/engelgibtesueberall.de\/blog\/wp-json\/wp\/v2\/pages"}],"about":[{"href":"https:\/\/engelgibtesueberall.de\/blog\/wp-json\/wp\/v2\/types\/page"}],"author":[{"embeddable":true,"href":"https:\/\/engelgibtesueberall.de\/blog\/wp-json\/wp\/v2\/users\/6"}],"replies":[{"embeddable":true,"href":"https:\/\/engelgibtesueberall.de\/blog\/wp-json\/wp\/v2\/comments?post=28553"}],"version-history":[{"count":10,"href":"https:\/\/engelgibtesueberall.de\/blog\/wp-json\/wp\/v2\/pages\/28553\/revisions"}],"predecessor-version":[{"id":29059,"href":"https:\/\/engelgibtesueberall.de\/blog\/wp-json\/wp\/v2\/pages\/28553\/revisions\/29059"}],"wp:attachment":[{"href":"https:\/\/engelgibtesueberall.de\/blog\/wp-json\/wp\/v2\/media?parent=28553"}],"curies":[{"name":"wp","href":"https:\/\/api.w.org\/{rel}","templated":true}]}}