{"id":29053,"date":"2025-03-07T15:24:05","date_gmt":"2025-03-07T14:24:05","guid":{"rendered":"https:\/\/engelgibtesueberall.de\/blog\/?page_id=29053"},"modified":"2025-03-07T15:25:11","modified_gmt":"2025-03-07T14:25:11","slug":"kuschelbaeren-2025","status":"publish","type":"page","link":"https:\/\/engelgibtesueberall.de\/blog\/kuschelbaeren-2025\/","title":{"rendered":"Kuschelb\u00e4ren 2025"},"content":{"rendered":"\t\t<div data-elementor-type=\"wp-page\" data-elementor-id=\"29053\" class=\"elementor elementor-29053\" data-elementor-post-type=\"page\">\n\t\t\t\t<div class=\"elementor-element elementor-element-ec3aadd e-flex e-con-boxed e-con e-parent\" data-id=\"ec3aadd\" data-element_type=\"container\">\n\t\t\t\t\t<div class=\"e-con-inner\">\n\t\t\t\t<div class=\"elementor-element elementor-element-c7f2687 elementor-grid-3 elementor-grid-tablet-2 elementor-grid-mobile-1 elementor-posts--thumbnail-top elementor-widget elementor-widget-posts\" data-id=\"c7f2687\" data-element_type=\"widget\" data-settings=\"{&quot;pagination_type&quot;:&quot;numbers_and_prev_next&quot;,&quot;classic_columns&quot;:&quot;3&quot;,&quot;classic_columns_tablet&quot;:&quot;2&quot;,&quot;classic_columns_mobile&quot;:&quot;1&quot;,&quot;classic_row_gap&quot;:{&quot;unit&quot;:&quot;px&quot;,&quot;size&quot;:35,&quot;sizes&quot;:[]},&quot;classic_row_gap_tablet&quot;:{&quot;unit&quot;:&quot;px&quot;,&quot;size&quot;:&quot;&quot;,&quot;sizes&quot;:[]},&quot;classic_row_gap_mobile&quot;:{&quot;unit&quot;:&quot;px&quot;,&quot;size&quot;:&quot;&quot;,&quot;sizes&quot;:[]}}\" data-widget_type=\"posts.classic\">\n\t\t\t\t<div class=\"elementor-widget-container\">\n\t\t\t\t\t\t\t<div class=\"elementor-posts-container elementor-posts elementor-posts--skin-classic elementor-grid\">\n\t\t\t\t<article class=\"elementor-post elementor-grid-item post-29139 post type-post status-publish format-standard has-post-thumbnail hentry category-kuschelbaeren-2025 category-neues\">\n\t\t\t\t<a class=\"elementor-post__thumbnail__link\" href=\"https:\/\/engelgibtesueberall.de\/blog\/preisverleihung-geldersche-draak\/\" tabindex=\"-1\" >\n\t\t\t<div class=\"elementor-post__thumbnail\"><img fetchpriority=\"high\" decoding=\"async\" width=\"320\" height=\"213\" src=\"https:\/\/engelgibtesueberall.de\/wp-content\/uploads\/2025\/04\/w1100_h733_x1796_y1197_rp_NOP_8109_b-72acef8c85706c6a-320x213.jpg\" class=\"attachment-medium size-medium wp-image-29140\" alt=\"\" srcset=\"https:\/\/engelgibtesueberall.de\/wp-content\/uploads\/2025\/04\/w1100_h733_x1796_y1197_rp_NOP_8109_b-72acef8c85706c6a-320x213.jpg 320w, https:\/\/engelgibtesueberall.de\/wp-content\/uploads\/2025\/04\/w1100_h733_x1796_y1197_rp_NOP_8109_b-72acef8c85706c6a-640x426.jpg 640w, https:\/\/engelgibtesueberall.de\/wp-content\/uploads\/2025\/04\/w1100_h733_x1796_y1197_rp_NOP_8109_b-72acef8c85706c6a-768x512.jpg 768w, https:\/\/engelgibtesueberall.de\/wp-content\/uploads\/2025\/04\/w1100_h733_x1796_y1197_rp_NOP_8109_b-72acef8c85706c6a.jpg 1100w\" sizes=\"(max-width: 320px) 100vw, 320px\" \/><\/div>\n\t\t<\/a>\n\t\t\t\t<div class=\"elementor-post__text\">\n\t\t\t\t<h3 class=\"elementor-post__title\">\n\t\t\t<a href=\"https:\/\/engelgibtesueberall.de\/blog\/preisverleihung-geldersche-draak\/\" >\n\t\t\t\tPreisverleihung Geldersche Draak\t\t\t<\/a>\n\t\t<\/h3>\n\t\t\t\t<div class=\"elementor-post__meta-data\">\n\t\t\t\t\t<span class=\"elementor-post-date\">\n\t\t\t24. April 2025\t\t<\/span>\n\t\t\t\t<\/div>\n\t\t\t\t<div class=\"elementor-post__excerpt\">\n\t\t\t<p>Gabi Winkler ist die diesj\u00e4hrige Preistr\u00e4gerin vom &#8222;Geldersche Draak&#8220; f\u00fcr ihre ehrenamtlichen T\u00e4tigkeiten in besonderer Weise. Der F\u00f6rderpreis wird vergeben an Menschen, Gruppen oder Organisationen,<\/p>\n\t\t<\/div>\n\t\t\t\t\t<div class=\"elementor-post__read-more-wrapper\">\n\t\t\n\t\t<a class=\"elementor-post__read-more\" href=\"https:\/\/engelgibtesueberall.de\/blog\/preisverleihung-geldersche-draak\/\" aria-label=\"Mehr \u00fcber Preisverleihung Geldersche Draak\" tabindex=\"-1\" >\n\t\t\tWeiterlesen \u00bb\t\t<\/a>\n\n\t\t\t\t\t<\/div>\n\t\t\t\t<\/div>\n\t\t\t\t<\/article>\n\t\t\t\t<article class=\"elementor-post elementor-grid-item post-29112 post type-post status-publish format-standard has-post-thumbnail hentry category-kuschelbaeren-2025 category-neues\">\n\t\t\t\t<a class=\"elementor-post__thumbnail__link\" href=\"https:\/\/engelgibtesueberall.de\/blog\/kuscheluebergabe-auf-burg-ranzow\/\" tabindex=\"-1\" >\n\t\t\t<div class=\"elementor-post__thumbnail\"><img decoding=\"async\" width=\"240\" height=\"240\" src=\"https:\/\/engelgibtesueberall.de\/wp-content\/uploads\/2025\/03\/Screenshot_20250303_112241_Samsung-Notes-240x240.jpg\" class=\"attachment-medium size-medium wp-image-29116\" alt=\"\" srcset=\"https:\/\/engelgibtesueberall.de\/wp-content\/uploads\/2025\/03\/Screenshot_20250303_112241_Samsung-Notes-240x240.jpg 240w, https:\/\/engelgibtesueberall.de\/wp-content\/uploads\/2025\/03\/Screenshot_20250303_112241_Samsung-Notes-480x480.jpg 480w, https:\/\/engelgibtesueberall.de\/wp-content\/uploads\/2025\/03\/Screenshot_20250303_112241_Samsung-Notes-768x768.jpg 768w, https:\/\/engelgibtesueberall.de\/wp-content\/uploads\/2025\/03\/Screenshot_20250303_112241_Samsung-Notes-1536x1536.jpg 1536w, https:\/\/engelgibtesueberall.de\/wp-content\/uploads\/2025\/03\/Screenshot_20250303_112241_Samsung-Notes-2048x2048.jpg 2048w\" sizes=\"(max-width: 240px) 100vw, 240px\" \/><\/div>\n\t\t<\/a>\n\t\t\t\t<div class=\"elementor-post__text\">\n\t\t\t\t<h3 class=\"elementor-post__title\">\n\t\t\t<a href=\"https:\/\/engelgibtesueberall.de\/blog\/kuscheluebergabe-auf-burg-ranzow\/\" >\n\t\t\t\tKuschel\u00fcbergabe auf Burg Ranzow\t\t\t<\/a>\n\t\t<\/h3>\n\t\t\t\t<div class=\"elementor-post__meta-data\">\n\t\t\t\t\t<span class=\"elementor-post-date\">\n\t\t\t9. M\u00e4rz 2025\t\t<\/span>\n\t\t\t\t<\/div>\n\t\t\t\t<div class=\"elementor-post__excerpt\">\n\t\t\t<p>Was f\u00fcr herzergreifende und bewegende Momente. Vor einigen Tagen fand die Kuschel\u00fcbergabe auf Burg Ranzow in Kleve statt. Es waren viele gl\u00fcckliche Bewohnerinnen und Bewohner<\/p>\n\t\t<\/div>\n\t\t\t\t\t<div class=\"elementor-post__read-more-wrapper\">\n\t\t\n\t\t<a class=\"elementor-post__read-more\" href=\"https:\/\/engelgibtesueberall.de\/blog\/kuscheluebergabe-auf-burg-ranzow\/\" aria-label=\"Mehr \u00fcber Kuschel\u00fcbergabe auf Burg Ranzow\" tabindex=\"-1\" >\n\t\t\tWeiterlesen \u00bb\t\t<\/a>\n\n\t\t\t\t\t<\/div>\n\t\t\t\t<\/div>\n\t\t\t\t<\/article>\n\t\t\t\t<article class=\"elementor-post elementor-grid-item post-28896 post type-post status-publish format-standard has-post-thumbnail hentry category-kuschelbaeren-2025\">\n\t\t\t\t<a class=\"elementor-post__thumbnail__link\" href=\"https:\/\/engelgibtesueberall.de\/blog\/kuschel-im-seniorenheim-homberg\/\" tabindex=\"-1\" >\n\t\t\t<div class=\"elementor-post__thumbnail\"><img decoding=\"async\" width=\"240\" height=\"240\" src=\"https:\/\/engelgibtesueberall.de\/wp-content\/uploads\/2025\/03\/FB_IMG_1740940669088-240x240.jpg\" class=\"attachment-medium size-medium wp-image-28901\" alt=\"\" srcset=\"https:\/\/engelgibtesueberall.de\/wp-content\/uploads\/2025\/03\/FB_IMG_1740940669088-240x240.jpg 240w, https:\/\/engelgibtesueberall.de\/wp-content\/uploads\/2025\/03\/FB_IMG_1740940669088-480x480.jpg 480w, https:\/\/engelgibtesueberall.de\/wp-content\/uploads\/2025\/03\/FB_IMG_1740940669088-768x768.jpg 768w, https:\/\/engelgibtesueberall.de\/wp-content\/uploads\/2025\/03\/FB_IMG_1740940669088.jpg 1080w\" sizes=\"(max-width: 240px) 100vw, 240px\" \/><\/div>\n\t\t<\/a>\n\t\t\t\t<div class=\"elementor-post__text\">\n\t\t\t\t<h3 class=\"elementor-post__title\">\n\t\t\t<a href=\"https:\/\/engelgibtesueberall.de\/blog\/kuschel-im-seniorenheim-homberg\/\" >\n\t\t\t\tKuschel im Seniorenheim Homberg\t\t\t<\/a>\n\t\t<\/h3>\n\t\t\t\t<div class=\"elementor-post__meta-data\">\n\t\t\t\t\t<span class=\"elementor-post-date\">\n\t\t\t2. M\u00e4rz 2025\t\t<\/span>\n\t\t\t\t<\/div>\n\t\t\t\t<div class=\"elementor-post__excerpt\">\n\t\t\t<p>Am 28.01.2025 fuhren 16 Kuschel ins Seniorenheim Homberg zur Feldstra\u00dfe und zur Zechenstra\u00dfe um ihre neuen Besitzer kennenzulernen. Hartmut Leser und Frau Tysiak (beide von<\/p>\n\t\t<\/div>\n\t\t\t\t\t<div class=\"elementor-post__read-more-wrapper\">\n\t\t\n\t\t<a class=\"elementor-post__read-more\" href=\"https:\/\/engelgibtesueberall.de\/blog\/kuschel-im-seniorenheim-homberg\/\" aria-label=\"Mehr \u00fcber Kuschel im Seniorenheim Homberg\" tabindex=\"-1\" >\n\t\t\tWeiterlesen \u00bb\t\t<\/a>\n\n\t\t\t\t\t<\/div>\n\t\t\t\t<\/div>\n\t\t\t\t<\/article>\n\t\t\t\t<article class=\"elementor-post elementor-grid-item post-28892 post type-post status-publish format-standard has-post-thumbnail hentry category-kuschelbaeren-2025 category-spenden\">\n\t\t\t\t<a class=\"elementor-post__thumbnail__link\" href=\"https:\/\/engelgibtesueberall.de\/blog\/28892-2\/\" tabindex=\"-1\" >\n\t\t\t<div class=\"elementor-post__thumbnail\"><img loading=\"lazy\" decoding=\"async\" width=\"240\" height=\"240\" src=\"https:\/\/engelgibtesueberall.de\/wp-content\/uploads\/2025\/03\/FB_IMG_1740940505633-240x240.jpg\" class=\"attachment-medium size-medium wp-image-28893\" alt=\"\" srcset=\"https:\/\/engelgibtesueberall.de\/wp-content\/uploads\/2025\/03\/FB_IMG_1740940505633-240x240.jpg 240w, https:\/\/engelgibtesueberall.de\/wp-content\/uploads\/2025\/03\/FB_IMG_1740940505633-480x480.jpg 480w, https:\/\/engelgibtesueberall.de\/wp-content\/uploads\/2025\/03\/FB_IMG_1740940505633-768x768.jpg 768w, https:\/\/engelgibtesueberall.de\/wp-content\/uploads\/2025\/03\/FB_IMG_1740940505633.jpg 1080w\" sizes=\"(max-width: 240px) 100vw, 240px\" \/><\/div>\n\t\t<\/a>\n\t\t\t\t<div class=\"elementor-post__text\">\n\t\t\t\t<h3 class=\"elementor-post__title\">\n\t\t\t<a href=\"https:\/\/engelgibtesueberall.de\/blog\/28892-2\/\" >\n\t\t\t\tGro\u00dfartige Spende!\t\t\t<\/a>\n\t\t<\/h3>\n\t\t\t\t<div class=\"elementor-post__meta-data\">\n\t\t\t\t\t<span class=\"elementor-post-date\">\n\t\t\t2. M\u00e4rz 2025\t\t<\/span>\n\t\t\t\t<\/div>\n\t\t\t\t<div class=\"elementor-post__excerpt\">\n\t\t\t<p>Eine gro\u00dfartige Spende haben wir Ende 2024 mit einer Scheck\u00fcbergabe von der Commerzbankstiftung erhalten! Wahnsinnige 4.000 Euro sind k\u00fcrzlich auf unserem Konto eingegangen. Wir freuen<\/p>\n\t\t<\/div>\n\t\t\t\t\t<div class=\"elementor-post__read-more-wrapper\">\n\t\t\n\t\t<a class=\"elementor-post__read-more\" href=\"https:\/\/engelgibtesueberall.de\/blog\/28892-2\/\" aria-label=\"Mehr \u00fcber Gro\u00dfartige Spende!\" tabindex=\"-1\" >\n\t\t\tWeiterlesen \u00bb\t\t<\/a>\n\n\t\t\t\t\t<\/div>\n\t\t\t\t<\/div>\n\t\t\t\t<\/article>\n\t\t\t\t<\/div>\n\t\t\n\t\t\t\t\t\t<\/div>\n\t\t\t\t<\/div>\n\t\t\t\t\t<\/div>\n\t\t\t\t<\/div>\n\t\t\t\t<\/div>\n\t\t","protected":false},"excerpt":{"rendered":"","protected":false},"author":6,"featured_media":0,"parent":0,"menu_order":0,"comment_status":"closed","ping_status":"closed","template":"","meta":{"_exactmetrics_skip_tracking":false,"_exactmetrics_sitenote_active":false,"_exactmetrics_sitenote_note":"","_exactmetrics_sitenote_category":0,"footnotes":""},"class_list":["post-29053","page","type-page","status-publish","hentry"],"_links":{"self":[{"href":"https:\/\/engelgibtesueberall.de\/blog\/wp-json\/wp\/v2\/pages\/29053","targetHints":{"allow":["GET"]}}],"collection":[{"href":"https:\/\/engelgibtesueberall.de\/blog\/wp-json\/wp\/v2\/pages"}],"about":[{"href":"https:\/\/engelgibtesueberall.de\/blog\/wp-json\/wp\/v2\/types\/page"}],"author":[{"embeddable":true,"href":"https:\/\/engelgibtesueberall.de\/blog\/wp-json\/wp\/v2\/users\/6"}],"replies":[{"embeddable":true,"href":"https:\/\/engelgibtesueberall.de\/blog\/wp-json\/wp\/v2\/comments?post=29053"}],"version-history":[{"count":3,"href":"https:\/\/engelgibtesueberall.de\/blog\/wp-json\/wp\/v2\/pages\/29053\/revisions"}],"predecessor-version":[{"id":29056,"href":"https:\/\/engelgibtesueberall.de\/blog\/wp-json\/wp\/v2\/pages\/29053\/revisions\/29056"}],"wp:attachment":[{"href":"https:\/\/engelgibtesueberall.de\/blog\/wp-json\/wp\/v2\/media?parent=29053"}],"curies":[{"name":"wp","href":"https:\/\/api.w.org\/{rel}","templated":true}]}}