{"id":663,"date":"2012-04-16T13:17:59","date_gmt":"2012-04-16T12:17:59","guid":{"rendered":"http:\/\/engelgibtesueberall.de\/blog\/?page_id=663"},"modified":"2025-03-01T20:16:37","modified_gmt":"2025-03-01T19:16:37","slug":"tannenwald-keppeln-2011","status":"publish","type":"page","link":"https:\/\/engelgibtesueberall.de\/blog\/tannenwald-keppeln-2011\/","title":{"rendered":"Novemberleuchten 2011"},"content":{"rendered":"<p>Die Initiatorin der Veranstaltung, Frau Maria Verhoeven, hat unsere Hilfsorganisation tatkr\u00e4ftig unterst\u00fctzt, in dem Sie uns die M\u00f6glichkeit er\u00f6ffnet hat, Kunstobjekte, weihnachtliche Geschenkartikel, Kalender aus dem Kindermalwettbewerb, Engel-T-Shirts etc. zu verkaufen.<\/p>\n<p>Wir haben in Frau Verhoeven einen ganz wunderbaren &#8222;Engel&#8220; an unserer Seite gefunden. Wir danken Ihr an dieser Stelle herzlichst f\u00fcr Ihre Unterst\u00fctzung und gratulieren Ihr zu dieser ganz wunderbaren Veranstaltung.<\/p>\n<p>&nbsp;<\/p>\n<div id='gallery-1' class='gallery galleryid-663 gallery-columns-2 gallery-size-thumbnail'><figure class='gallery-item'>\n\t\t\t<div class='gallery-icon landscape'>\n\t\t\t\t<a href='https:\/\/engelgibtesueberall.de\/wp-content\/uploads\/2012\/04\/engel-gibt-es-ueberall-Novemberleuchten-31.jpg'><img decoding=\"async\" width=\"138\" height=\"104\" src=\"https:\/\/engelgibtesueberall.de\/wp-content\/uploads\/2012\/04\/engel-gibt-es-ueberall-Novemberleuchten-31-138x104.jpg\" class=\"attachment-thumbnail size-thumbnail\" alt=\"\" srcset=\"https:\/\/engelgibtesueberall.de\/wp-content\/uploads\/2012\/04\/engel-gibt-es-ueberall-Novemberleuchten-31-138x104.jpg 138w, https:\/\/engelgibtesueberall.de\/wp-content\/uploads\/2012\/04\/engel-gibt-es-ueberall-Novemberleuchten-31-320x240.jpg 320w, https:\/\/engelgibtesueberall.de\/wp-content\/uploads\/2012\/04\/engel-gibt-es-ueberall-Novemberleuchten-31.jpg 640w\" sizes=\"(max-width: 138px) 100vw, 138px\" \/><\/a>\n\t\t\t<\/div><\/figure><figure class='gallery-item'>\n\t\t\t<div class='gallery-icon landscape'>\n\t\t\t\t<a href='https:\/\/engelgibtesueberall.de\/wp-content\/uploads\/2012\/04\/engel-gibt-es-ueberall-Novemberleuchten-21.jpg'><img decoding=\"async\" width=\"138\" height=\"104\" src=\"https:\/\/engelgibtesueberall.de\/wp-content\/uploads\/2012\/04\/engel-gibt-es-ueberall-Novemberleuchten-21-138x104.jpg\" class=\"attachment-thumbnail size-thumbnail\" alt=\"\" srcset=\"https:\/\/engelgibtesueberall.de\/wp-content\/uploads\/2012\/04\/engel-gibt-es-ueberall-Novemberleuchten-21-138x104.jpg 138w, https:\/\/engelgibtesueberall.de\/wp-content\/uploads\/2012\/04\/engel-gibt-es-ueberall-Novemberleuchten-21-320x240.jpg 320w, https:\/\/engelgibtesueberall.de\/wp-content\/uploads\/2012\/04\/engel-gibt-es-ueberall-Novemberleuchten-21.jpg 640w\" sizes=\"(max-width: 138px) 100vw, 138px\" \/><\/a>\n\t\t\t<\/div><\/figure><figure class='gallery-item'>\n\t\t\t<div class='gallery-icon landscape'>\n\t\t\t\t<a href='https:\/\/engelgibtesueberall.de\/wp-content\/uploads\/2012\/04\/engel-gibt-es-ueberall-Novemberleuchten-11.jpg'><img decoding=\"async\" width=\"138\" height=\"104\" src=\"https:\/\/engelgibtesueberall.de\/wp-content\/uploads\/2012\/04\/engel-gibt-es-ueberall-Novemberleuchten-11-138x104.jpg\" class=\"attachment-thumbnail size-thumbnail\" alt=\"\" srcset=\"https:\/\/engelgibtesueberall.de\/wp-content\/uploads\/2012\/04\/engel-gibt-es-ueberall-Novemberleuchten-11-138x104.jpg 138w, https:\/\/engelgibtesueberall.de\/wp-content\/uploads\/2012\/04\/engel-gibt-es-ueberall-Novemberleuchten-11-320x240.jpg 320w, https:\/\/engelgibtesueberall.de\/wp-content\/uploads\/2012\/04\/engel-gibt-es-ueberall-Novemberleuchten-11.jpg 640w\" sizes=\"(max-width: 138px) 100vw, 138px\" \/><\/a>\n\t\t\t<\/div><\/figure><figure class='gallery-item'>\n\t\t\t<div class='gallery-icon landscape'>\n\t\t\t\t<a href='https:\/\/engelgibtesueberall.de\/wp-content\/uploads\/2012\/04\/engel-gibt-es-ueberall-Novemberleuchten-41.jpg'><img loading=\"lazy\" decoding=\"async\" width=\"138\" height=\"104\" src=\"https:\/\/engelgibtesueberall.de\/wp-content\/uploads\/2012\/04\/engel-gibt-es-ueberall-Novemberleuchten-41-138x104.jpg\" class=\"attachment-thumbnail size-thumbnail\" alt=\"\" srcset=\"https:\/\/engelgibtesueberall.de\/wp-content\/uploads\/2012\/04\/engel-gibt-es-ueberall-Novemberleuchten-41-138x104.jpg 138w, https:\/\/engelgibtesueberall.de\/wp-content\/uploads\/2012\/04\/engel-gibt-es-ueberall-Novemberleuchten-41-320x240.jpg 320w, https:\/\/engelgibtesueberall.de\/wp-content\/uploads\/2012\/04\/engel-gibt-es-ueberall-Novemberleuchten-41.jpg 640w\" sizes=\"(max-width: 138px) 100vw, 138px\" \/><\/a>\n\t\t\t<\/div><\/figure>\n\t\t<\/div>\n\n<p style=\"text-align: center;\">\n","protected":false},"excerpt":{"rendered":"<p>Die Initiatorin der Veranstaltung, Frau Maria Verhoeven, hat unsere Hilfsorganisation tatkr\u00e4ftig unterst\u00fctzt, in dem Sie uns die M\u00f6glichkeit er\u00f6ffnet hat, Kunstobjekte, weihnachtliche Geschenkartikel, Kalender aus dem Kindermalwettbewerb, Engel-T-Shirts etc. zu verkaufen. Wir haben in Frau Verhoeven einen ganz wunderbaren &#8222;Engel&#8220; an unserer Seite gefunden. Wir danken Ihr an dieser Stelle herzlichst f\u00fcr Ihre Unterst\u00fctzung und [&hellip;]<\/p>\n","protected":false},"author":1,"featured_media":0,"parent":0,"menu_order":0,"comment_status":"closed","ping_status":"closed","template":"","meta":{"_exactmetrics_skip_tracking":false,"_exactmetrics_sitenote_active":false,"_exactmetrics_sitenote_note":"","_exactmetrics_sitenote_category":0,"footnotes":""},"class_list":["post-663","page","type-page","status-publish","hentry"],"_links":{"self":[{"href":"https:\/\/engelgibtesueberall.de\/blog\/wp-json\/wp\/v2\/pages\/663","targetHints":{"allow":["GET"]}}],"collection":[{"href":"https:\/\/engelgibtesueberall.de\/blog\/wp-json\/wp\/v2\/pages"}],"about":[{"href":"https:\/\/engelgibtesueberall.de\/blog\/wp-json\/wp\/v2\/types\/page"}],"author":[{"embeddable":true,"href":"https:\/\/engelgibtesueberall.de\/blog\/wp-json\/wp\/v2\/users\/1"}],"replies":[{"embeddable":true,"href":"https:\/\/engelgibtesueberall.de\/blog\/wp-json\/wp\/v2\/comments?post=663"}],"version-history":[{"count":18,"href":"https:\/\/engelgibtesueberall.de\/blog\/wp-json\/wp\/v2\/pages\/663\/revisions"}],"predecessor-version":[{"id":28886,"href":"https:\/\/engelgibtesueberall.de\/blog\/wp-json\/wp\/v2\/pages\/663\/revisions\/28886"}],"wp:attachment":[{"href":"https:\/\/engelgibtesueberall.de\/blog\/wp-json\/wp\/v2\/media?parent=663"}],"curies":[{"name":"wp","href":"https:\/\/api.w.org\/{rel}","templated":true}]}}